j - 14. What is the remainder when 59 is divided by h(c)?
28
Calculate the remainder when ((-274)/(-8))/(1/12) is divided by 106.
93
Let o = -226 + 242. Suppose -63 = 3*u - 4*u. What is the remainder when u is divided by o?
15
Let w be (-20)/(-90) + (-223)/(-9). Let a = w - -8. Calculate the remainder when a is divided by ((-36)/8)/((-2)/4).
6
Suppose 0 = 45*x - 7*x - 1254. What is the remainder when x is divided by 11?
0
Suppose -6*o = 2*v - 5*o - 325, 0 = -5*o - 25. Calculate the remainder when v is divided by 55.
0
Suppose 0 = q - 125*z + 123*z - 36, -5*q + 96 = 2*z. Suppose -3*x + 21 = 3*k, -5*x + 11 = 2*k - 2*x. What is the remainder when q is divided by k?
2
Let o be 10/(-4)*((-184)/(-2))/(-2). Suppose -3*r = p - o, -p - 7 = -2*r - 107. Calculate the remainder when p is divided by 38.
30
Let d(s) = 29*s - 1. Let y be d(1). Suppose 80 = y*w - 24*w. What is the remainder when w is divided by 11?
9
Suppose 2*p + 3*p = 3*o - 101, 0 = o - p - 31. What is the remainder when 64 is divided by o?
10
Let w = 548 + -296. What is the remainder when w is divided by 52?
44
Suppose -107 = -5*h + 4*t, 2*h - t + 5*t = 26. Calculate the remainder when h is divided by 13.
6
Suppose -10*j - 252 - 168 = 0. Suppose -30 = f - 1. Let x = f - j. Calculate the remainder when x is divided by 7.
6
Suppose -322 = 18*w - 25*w. Suppose q = y, 10 = -4*q + 6*q. Suppose y*o - 63 = -p + 62, 3*o = -4*p + 92. Calculate the remainder when w is divided by o.
22
Let u(f) = -2*f**3 - 6*f**2 + 7*f + 6. Let y = 425 + -407. Calculate the remainder when u(-5) is divided by y.
17
Let h(l) = -3*l - 8. Let a(j) = -10*j + 144. What is the remainder when a(13) is divided by h(-6)?
4
Let n(b) = b**3 + 18*b**2 - 24*b - 43. Calculate the remainder when 258 is divided by n(-19).
50
Let i = -392 + 407. Calculate the remainder when 478 is divided by i.
13
Let c = -41 - -45. Suppose 0 = 7*g - 3*g - 2*b - 168, c*g - 168 = -5*b. Calculate the remainder when g is divided by 12.
6
Let g = -325 - -1973. Calculate the remainder when g is divided by 118.
114
Suppose 4 - 19 = 5*i. Let p be (i - (-1 + -2)) + -10. Calculate the remainder when (p/8)/(3/(-84)) is divided by 12.
11
Let q(p) = 2*p**3 - 5*p**2 + 12*p - 8. Calculate the remainder when q(4) is divided by 13.
10
Let b(z) be the first derivative of -5*z**2 - 5 + 1/4*z**4 + 6*z - 5/3*z**3. What is the remainder when b(7) is divided by 9?
7
Suppose -144 = -7*a + a. Let g = a + -11. Calculate the remainder when 88 is divided by g.
10
Suppose 0*r - 2*r + 40 = 0. Let q(y) = y**2 + 39*y - 70. Calculate the remainder when q(-42) is divided by r.
16
Let g(v) = -v**3 - 10*v**2 - 15*v - 22. What is the remainder when 158 is divided by g(-9)?
30
Let z(c) = 10*c. Suppose 4*r = 4*s - 172, -4*r - 23 = -2*s + 71. Calculate the remainder when s is divided by z(1).
9
Let l be -2 + (-1 - -3) + 215. Suppose -4*q + l = q. Let v = 72 - q. What is the remainder when 56 is divided by v?
27
Calculate the remainder when 739 is divided by ((-513)/(-6))/9*6.
55
What is the remainder when ((-3021)/15)/(-1) - (-94)/(-235) is divided by 17?
14
Suppose 0 = 3*q - 3*s - 20 - 22, 0 = -5*s + 20. Suppose 6*t - 4*t - q = 0. Calculate the remainder when (-8)/(-84) - 1569/(-63) is divided by t.
7
Suppose -3*a - 4 = 2. What is the remainder when a - 158/(-1 + 3/(-3)) is divided by 20?
17
Suppose -2*t - 3*n = -122, 0*n = -5*t + 5*n + 280. Let k = t + -53. What is the remainder when -1*(-2*6 + -2) is divided by k?
4
Let q(d) = d**3 + 11*d**2 + d - 10. What is the remainder when q(-8) is divided by 25?
24
Let r(b) = 9*b - 3 + 7 - 7*b - 9*b. Calculate the remainder when 50 is divided by r(-2).
14
Let h = -3 + 10. Let k = h - 5. What is the remainder when ((-44)/(-22))/(1/(-3) + 1) is divided by k?
1
Suppose 0 = -0*p - 2*p - 5*l + 30, 3*l = -p + 16. Let u(i) = i**3 - 9*i**2 - 4*i + 4. What is the remainder when u(p) is divided by 34?
30
Let o(a) = 6*a - 35. Let x be o(7). Suppose -x*w - 88 = -9*w. What is the remainder when 131 is divided by w?
43
Let i be (4/(-6))/(5/15*-2). Suppose i = u - 23. What is the remainder when 7/(-3)*(-29 - 1) is divided by u?
22
Let r(a) = -a**3 + a**2 + 36*a + 79. Calculate the remainder when r(7) is divided by (0 + 2 + -1)*13.
11
Let g = 307 - 279. Calculate the remainder when 82 is divided by g.
26
Let n(t) = t**2 - 7*t + 37. What is the remainder when n(16) is divided by 14?
13
Suppose 12 = -3*z - 12. Let d(l) = 4*l**2 + l - 8. Let o(n) = n**2 + 2. Let y(f) = d(f) - 3*o(f). What is the remainder when y(z) is divided by 22?
20
Let b(q) = 2*q. Let w be b(1). Suppose 4*v - 26 = w*v. Let f = 19 - v. What is the remainder when 14 is divided by f?
2
Suppose 0 = -2*n - 4*h + 448, 3*n + 5*h - 214 - 458 = 0. Suppose -2*a + 180 = 5*g, 16*a + 20 = 12*a. Calculate the remainder when n is divided by g.
34
Let s be (-4)/(-10)*((5 - 1) + 1). Suppose -s = -n + 13. What is the remainder when 55 is divided by n?
10
Suppose -25*q = -15*q - 40. What is the remainder when 4 is divided by q?
0
Let u be (-5)/10 + (-37)/2. Let s = -5 - u. Suppose 0 = -2*b - 3*b + 265. Calculate the remainder when b is divided by s.
11
Suppose 3*r = -g + 177, -23*g - 2*r - 152 = -24*g. What is the remainder when g is divided by 43?
33
Let k(t) = 16*t + 130. Calculate the remainder when k(4) is divided by 33.
29
Suppose 0 = -5*i - 10, -6*a + 2*a - 3*i + 34 = 0. Suppose 3*g - 16 = -0*g + 5*d, g + 3*d - a = 0. What is the remainder when 25 is divided by g?
4
Let u(o) = o**2 + 7*o + 19. Calculate the remainder when 70 is divided by u(-7).
13
Suppose -5*n = -0*n - 215. Suppose -140 = -4*b + 196. Calculate the remainder when b is divided by n.
41
Let x be (13 + 0)*(-35)/(-5). Suppose -2*l + x + 131 = 0. Suppose 5 = o - 2*w - 12, 0 = -5*o - 3*w + l. Calculate the remainder when 81 is divided by o.
18
Calculate the remainder when 201 is divided by (2/(-8))/(3/(-252)).
12
What is the remainder when 135 is divided by 19 + ((-16)/6)/(22/(-33))?
20
What is the remainder when (2/(-3))/((-17)/5814) is divided by 7?
4
Let v = 206 + -168. What is the remainder when v is divided by 21?
17
What is the remainder when (-138)/(-108)*6*(1 + 20) is divided by 49?
14
Suppose 2*f - 353 = -2*f - 3*n, 4*f + 2*n = 354. Calculate the remainder when f is divided by 47.
42
Let d(o) = -o**3 - o**2 + 4*o. Let p be d(-3). Suppose -2*r - 30 = -p*r - 5*q, 4*r - q = 42. Calculate the remainder when r is divided by 4.
2
Suppose -4*p + l + 260 = p, 3*p + 2*l = 143. What is the remainder when p is divided by 19?
13
Suppose 15*h - 815 = 4885. What is the remainder when h is divided by 35?
30
Suppose 4*q - 73 = -h, -2*h - 4*q = 264 - 402. Calculate the remainder when h is divided by (-1*2)/((-4)/34).
14
Let c = 12 - 7. Suppose -c*x - 8 = -18. What is the remainder when x is divided by 2?
0
Let k(r) = 3*r - 5 - 4*r + 0. Let b be k(-5). Suppose b = -4*d + 280 - 84. Calculate the remainder when d is divided by 13.
10
Let l(u) = u**3 - 6*u**2 + 4*u + 1. Let f be l(5). Let b be (56/(-16))/(2/f). Suppose b*h - 6*h = 121. Calculate the remainder when h is divided by 31.
28
Let w = 1048 + -1018. Suppose -3*k + 12 = -48. Let b = k + w. Calculate the remainder when b is divided by 18.
14
Suppose -p + 36 + 50 = 0. What is the remainder when p is divided by 30?
26
What is the remainder when 21 is divided by (73/146)/((1 - -1)/36)?
3
Let y = 365 - 253. Suppose -i + 5*i = y. What is the remainder when i is divided by 15?
13
Let q = -441 - -463. Calculate the remainder when 90 is divided by q.
2
Let l = 21 - 49. Let f = 61 + l. Calculate the remainder when 41 is divided by (20/6)/5*f.
19
Let p(t) = 2*t**2 - 9. Suppose 5*d = -5*d - 30. Calculate the remainder when p(d) is divided by 5.
4
Let u be (-1)/((-5)/10) - -4. Suppose -u = -3*m + 15. What is the remainder when 22 is divided by m?
1
Let a(r) = 30*r**2 + 333*r + 55. Suppose n - 131 = -0*n. Calculate the remainder when n is divided by a(-11).
21
Let b = -3 + 5. Suppose 33 = -l + r + 4*r, -r = 5*l + 87. Calculate the remainder when ((l/(-4))/3)/((-1)/(-2)) is divided by b.
1
Let i be 8/((-48)/30)*384/(-10). Let v = i - 118. What is the remainder when v is divided by 19?
17
Let j(p) = p**3 + 7*p**2 + 6*p - 5. What is the remainder when ((-102)/18 - -7)*174/8 is divided by j(-5)?
14
What is the rem